{"id":40516,"date":"2026-04-20T11:29:12","date_gmt":"2026-04-20T14:29:12","guid":{"rendered":"https:\/\/mutualsoberania.com.ar\/proveeduria\/proveeduria\/sin categor\u00eda\/depiladora-ga-ma-oasis-gold\/"},"modified":"2026-04-20T11:31:32","modified_gmt":"2026-04-20T14:31:32","slug":"depiladora-ga-ma-oasis-gold","status":"publish","type":"product","link":"https:\/\/mutualsoberania.com.ar\/proveeduria\/proveeduria\/salud\/cuidado-personal\/depiladora-ga-ma-oasis-gold\/","title":{"rendered":"Depiladora GA.MA Oasis Gold"},"content":{"rendered":"<p>Experimenta un oasis en tu piel con la nueva depiladora OASIS GOLD. Para una depilaci\u00f3n m\u00e1s r\u00e1pida y precisa. \u00a1Resultados incre\u00edbles para mantener tu piel hasta 4 semanas m\u00e1s suave y perfecta! Oasis se adapta a diferentes necesidades para disfrutar de una rutina de belleza completa, apto para uso en seco y h\u00famedo. Luc\u00ed una depilaci\u00f3n duradera con total facilidad y sin dolor.<\/p>\n","protected":false},"excerpt":{"rendered":"<p>Experimenta un oasis en tu piel con la nueva depiladora OASIS GOLD. Para una depilaci\u00f3n m\u00e1s r\u00e1pida y precisa. \u00a1Resultados incre\u00edbles para mantener tu piel hasta 4 semanas m\u00e1s suave y perfecta! Oasis se adapta a diferentes necesidades para disfrutar de una rutina de belleza completa, apto para uso en seco y h\u00famedo. Luc\u00ed una &hellip;<\/p>\n<p class=\"read-more\"> <a class=\"\" href=\"https:\/\/mutualsoberania.com.ar\/proveeduria\/proveeduria\/salud\/cuidado-personal\/depiladora-ga-ma-oasis-gold\/\"> <span class=\"screen-reader-text\">Depiladora GA.MA Oasis Gold<\/span> Leer m\u00e1s &raquo;<\/a><\/p>\n","protected":false},"featured_media":40612,"template":"","meta":{"site-sidebar-layout":"default","site-content-layout":"default","ast-global-header-display":"","ast-main-header-display":"","ast-hfb-above-header-display":"","ast-hfb-below-header-display":"","ast-hfb-mobile-header-display":"","site-post-title":"","ast-breadcrumbs-content":"","ast-featured-img":"","footer-sml-layout":"","theme-transparent-header-meta":"","adv-header-id-meta":"","stick-header-meta":"","header-above-stick-meta":"","header-main-stick-meta":"","header-below-stick-meta":"","_joinchat":[]},"product_brand":[],"product_cat":[195,285],"product_tag":[],"class_list":{"0":"post-40516","1":"product","2":"type-product","3":"status-publish","4":"has-post-thumbnail","6":"product_cat-cuidado-personal","7":"product_cat-cuidado-personal-2","8":"product_shipping_class-extra-pequenos","9":"desktop-align-left","10":"tablet-align-left","11":"mobile-align-left","13":"first","14":"instock","15":"shipping-taxable","16":"purchasable","17":"product-type-simple"},"_links":{"self":[{"href":"https:\/\/mutualsoberania.com.ar\/proveeduria\/wp-json\/wp\/v2\/product\/40516","targetHints":{"allow":["GET"]}}],"collection":[{"href":"https:\/\/mutualsoberania.com.ar\/proveeduria\/wp-json\/wp\/v2\/product"}],"about":[{"href":"https:\/\/mutualsoberania.com.ar\/proveeduria\/wp-json\/wp\/v2\/types\/product"}],"wp:featuredmedia":[{"embeddable":true,"href":"https:\/\/mutualsoberania.com.ar\/proveeduria\/wp-json\/wp\/v2\/media\/40612"}],"wp:attachment":[{"href":"https:\/\/mutualsoberania.com.ar\/proveeduria\/wp-json\/wp\/v2\/media?parent=40516"}],"wp:term":[{"taxonomy":"product_brand","embeddable":true,"href":"https:\/\/mutualsoberania.com.ar\/proveeduria\/wp-json\/wp\/v2\/product_brand?post=40516"},{"taxonomy":"product_cat","embeddable":true,"href":"https:\/\/mutualsoberania.com.ar\/proveeduria\/wp-json\/wp\/v2\/product_cat?post=40516"},{"taxonomy":"product_tag","embeddable":true,"href":"https:\/\/mutualsoberania.com.ar\/proveeduria\/wp-json\/wp\/v2\/product_tag?post=40516"}],"curies":[{"name":"wp","href":"https:\/\/api.w.org\/{rel}","templated":true}]}}