{"id":40491,"date":"2026-04-20T11:29:08","date_gmt":"2026-04-20T14:29:08","guid":{"rendered":"https:\/\/mutualsoberania.com.ar\/proveeduria\/proveeduria\/sin categor\u00eda\/monitor-pcbox-21-5-full-hd-100hz-va-hdmi-vga-pcb-m22\/"},"modified":"2026-04-20T11:31:31","modified_gmt":"2026-04-20T14:31:31","slug":"monitor-pcbox-21-5-full-hd-100hz-va-hdmi-vga-pcb-m22","status":"publish","type":"product","link":"https:\/\/mutualsoberania.com.ar\/proveeduria\/proveeduria\/informtica\/monitor-pcbox-21-5-full-hd-100hz-va-hdmi-vga-pcb-m22\/","title":{"rendered":"Monitor PCBOX 21.5&#8243; Full HD 100HZ VA HDMI + VGA (PCB-M22)"},"content":{"rendered":"<p>El Monitor PCBOX PCB-M22 21,5\u201d Full HD VA 100Hz es una excelente opci\u00f3n para trabajo, estudio y entretenimiento. Incorpora un panel VA de 21,5\u201d con resoluci\u00f3n Full HD (1920\u00d71080), que brinda im\u00e1genes n\u00edtidas, buen contraste y amplios \u00e1ngulos de visi\u00f3n (178\u00b0\/178\u00b0). Su frecuencia de actualizaci\u00f3n de hasta 100Hz v\u00eda HDMI ofrece una experiencia m\u00e1s fluida para uso diario y contenido multimedia, mientras que el modo Low Blue Light ayuda a reducir la fatiga visual en sesiones prolongadas.<\/p>\n<p> Cuenta con conectividad HDMI 1.4 y VGA, es compatible con montaje VESA 75\u00d775 mm y utiliza un soporte Quick Release, ideal para adaptarlo f\u00e1cilmente a distintos espacios.<\/p>\n","protected":false},"excerpt":{"rendered":"<p>El Monitor PCBOX PCB-M22 21,5\u201d Full HD VA 100Hz es una excelente opci\u00f3n para trabajo, estudio y entretenimiento. Incorpora un panel VA de 21,5\u201d con resoluci\u00f3n Full HD (1920\u00d71080), que brinda im\u00e1genes n\u00edtidas, buen contraste y amplios \u00e1ngulos de visi\u00f3n (178\u00b0\/178\u00b0). Su frecuencia de actualizaci\u00f3n de hasta 100Hz v\u00eda HDMI ofrece una experiencia m\u00e1s fluida &hellip;<\/p>\n<p class=\"read-more\"> <a class=\"\" href=\"https:\/\/mutualsoberania.com.ar\/proveeduria\/proveeduria\/informtica\/monitor-pcbox-21-5-full-hd-100hz-va-hdmi-vga-pcb-m22\/\"> <span class=\"screen-reader-text\">Monitor PCBOX 21.5&#8243; Full HD 100HZ VA HDMI + VGA (PCB-M22)<\/span> Leer m\u00e1s &raquo;<\/a><\/p>\n","protected":false},"featured_media":40592,"template":"","meta":{"site-sidebar-layout":"default","site-content-layout":"default","ast-global-header-display":"","ast-main-header-display":"","ast-hfb-above-header-display":"","ast-hfb-below-header-display":"","ast-hfb-mobile-header-display":"","site-post-title":"","ast-breadcrumbs-content":"","ast-featured-img":"","footer-sml-layout":"","theme-transparent-header-meta":"","adv-header-id-meta":"","stick-header-meta":"","header-above-stick-meta":"","header-main-stick-meta":"","header-below-stick-meta":"","_joinchat":[]},"product_brand":[],"product_cat":[244],"product_tag":[],"class_list":{"0":"post-40491","1":"product","2":"type-product","3":"status-publish","4":"has-post-thumbnail","6":"product_cat-informtica","7":"product_shipping_class-extra-pequenos","8":"desktop-align-left","9":"tablet-align-left","10":"mobile-align-left","12":"first","13":"instock","14":"shipping-taxable","15":"purchasable","16":"product-type-simple"},"_links":{"self":[{"href":"https:\/\/mutualsoberania.com.ar\/proveeduria\/wp-json\/wp\/v2\/product\/40491","targetHints":{"allow":["GET"]}}],"collection":[{"href":"https:\/\/mutualsoberania.com.ar\/proveeduria\/wp-json\/wp\/v2\/product"}],"about":[{"href":"https:\/\/mutualsoberania.com.ar\/proveeduria\/wp-json\/wp\/v2\/types\/product"}],"wp:featuredmedia":[{"embeddable":true,"href":"https:\/\/mutualsoberania.com.ar\/proveeduria\/wp-json\/wp\/v2\/media\/40592"}],"wp:attachment":[{"href":"https:\/\/mutualsoberania.com.ar\/proveeduria\/wp-json\/wp\/v2\/media?parent=40491"}],"wp:term":[{"taxonomy":"product_brand","embeddable":true,"href":"https:\/\/mutualsoberania.com.ar\/proveeduria\/wp-json\/wp\/v2\/product_brand?post=40491"},{"taxonomy":"product_cat","embeddable":true,"href":"https:\/\/mutualsoberania.com.ar\/proveeduria\/wp-json\/wp\/v2\/product_cat?post=40491"},{"taxonomy":"product_tag","embeddable":true,"href":"https:\/\/mutualsoberania.com.ar\/proveeduria\/wp-json\/wp\/v2\/product_tag?post=40491"}],"curies":[{"name":"wp","href":"https:\/\/api.w.org\/{rel}","templated":true}]}}