{"id":39503,"date":"2025-10-02T13:52:36","date_gmt":"2025-10-02T16:52:36","guid":{"rendered":"https:\/\/mutualsoberania.com.ar\/proveeduria\/proveeduria\/sin categor\u00eda\/soporte-enrollador-onebox-c-manguera-30m-y-pico-retorno-lento-ob-mra30\/"},"modified":"2026-04-20T11:30:58","modified_gmt":"2026-04-20T14:30:58","slug":"soporte-enrollador-onebox-c-manguera-30m-y-pico-retorno-lento-ob-mra30","status":"publish","type":"product","link":"https:\/\/mutualsoberania.com.ar\/proveeduria\/proveeduria\/blanco-y-bazar\/bazar\/soporte-enrollador-onebox-c-manguera-30m-y-pico-retorno-lento-ob-mra30\/","title":{"rendered":"Soporte Enrollador Onebox C\/Manguera 30m Y Pico- Retorno Lento (OB-MRA30)"},"content":{"rendered":"<p>El soporte enrollador Onebox OB-MRA30 es una soluci\u00f3n pr\u00e1ctica y eficiente para tareas de riego en el hogar o el jard\u00edn. Equipado con una manguera de 30 metros de largo y \u00bd pulgada de di\u00e1metro, este modelo cuenta con un sistema de retorno autom\u00e1tico con rebobinado lento, que evita enredos y permite guardar la manguera de forma ordenada y segura. Incluye un soporte de pared con giro de 180\u00b0, lo que facilita el acceso y movilidad durante el uso. Est\u00e1 fabricado en materiales resistentes con protecci\u00f3n UV, ideal para uso en exteriores. Adem\u00e1s, incorpora una pistola rociadora multiposici\u00f3n con conector r\u00e1pido, un tramo de conexi\u00f3n de 2 metros y todos los accesorios necesarios para su instalaci\u00f3n. Compacto, funcional y duradero, el OB-MRA30 es perfecto para quienes buscan comodidad y organizaci\u00f3n en sus tareas de riego.<\/p>\n","protected":false},"excerpt":{"rendered":"<p>El soporte enrollador Onebox OB-MRA30 es una soluci\u00f3n pr\u00e1ctica y eficiente para tareas de riego en el hogar o el jard\u00edn. Equipado con una manguera de 30 metros de largo y \u00bd pulgada de di\u00e1metro, este modelo cuenta con un sistema de retorno autom\u00e1tico con rebobinado lento, que evita enredos y permite guardar la manguera &hellip;<\/p>\n<p class=\"read-more\"> <a class=\"\" href=\"https:\/\/mutualsoberania.com.ar\/proveeduria\/proveeduria\/blanco-y-bazar\/bazar\/soporte-enrollador-onebox-c-manguera-30m-y-pico-retorno-lento-ob-mra30\/\"> <span class=\"screen-reader-text\">Soporte Enrollador Onebox C\/Manguera 30m Y Pico- Retorno Lento (OB-MRA30)<\/span> Leer m\u00e1s &raquo;<\/a><\/p>\n","protected":false},"featured_media":39646,"template":"","meta":{"site-sidebar-layout":"default","site-content-layout":"default","ast-global-header-display":"","ast-main-header-display":"","ast-hfb-above-header-display":"","ast-hfb-below-header-display":"","ast-hfb-mobile-header-display":"","site-post-title":"","ast-breadcrumbs-content":"","ast-featured-img":"","footer-sml-layout":"","theme-transparent-header-meta":"","adv-header-id-meta":"","stick-header-meta":"","header-above-stick-meta":"","header-main-stick-meta":"","header-below-stick-meta":"","_joinchat":[]},"product_brand":[],"product_cat":[281,42],"product_tag":[],"class_list":{"0":"post-39503","1":"product","2":"type-product","3":"status-publish","4":"has-post-thumbnail","6":"product_cat-bazar-2","7":"product_cat-bazar","8":"product_shipping_class-extra-pequenos","9":"desktop-align-left","10":"tablet-align-left","11":"mobile-align-left","13":"first","14":"instock","15":"shipping-taxable","16":"purchasable","17":"product-type-simple"},"_links":{"self":[{"href":"https:\/\/mutualsoberania.com.ar\/proveeduria\/wp-json\/wp\/v2\/product\/39503","targetHints":{"allow":["GET"]}}],"collection":[{"href":"https:\/\/mutualsoberania.com.ar\/proveeduria\/wp-json\/wp\/v2\/product"}],"about":[{"href":"https:\/\/mutualsoberania.com.ar\/proveeduria\/wp-json\/wp\/v2\/types\/product"}],"wp:featuredmedia":[{"embeddable":true,"href":"https:\/\/mutualsoberania.com.ar\/proveeduria\/wp-json\/wp\/v2\/media\/39646"}],"wp:attachment":[{"href":"https:\/\/mutualsoberania.com.ar\/proveeduria\/wp-json\/wp\/v2\/media?parent=39503"}],"wp:term":[{"taxonomy":"product_brand","embeddable":true,"href":"https:\/\/mutualsoberania.com.ar\/proveeduria\/wp-json\/wp\/v2\/product_brand?post=39503"},{"taxonomy":"product_cat","embeddable":true,"href":"https:\/\/mutualsoberania.com.ar\/proveeduria\/wp-json\/wp\/v2\/product_cat?post=39503"},{"taxonomy":"product_tag","embeddable":true,"href":"https:\/\/mutualsoberania.com.ar\/proveeduria\/wp-json\/wp\/v2\/product_tag?post=39503"}],"curies":[{"name":"wp","href":"https:\/\/api.w.org\/{rel}","templated":true}]}}