{"id":38914,"date":"2025-06-04T10:05:19","date_gmt":"2025-06-04T13:05:19","guid":{"rendered":"https:\/\/mutualsoberania.com.ar\/proveeduria\/proveeduria\/sin categor\u00eda\/lavavajillas-whirlpool-14-cubiertos-inox-wlv14sy\/"},"modified":"2026-01-14T12:29:19","modified_gmt":"2026-01-14T15:29:19","slug":"lavavajillas-whirlpool-14-cubiertos-inox-wlv14sy","status":"publish","type":"product","link":"https:\/\/mutualsoberania.com.ar\/proveeduria\/proveeduria\/hogar\/lavavajillas-whirlpool-14-cubiertos-inox-wlv14sy\/","title":{"rendered":"Lavavajillas Whirlpool 14 Cubiertos Inox (Wlv14sy)"},"content":{"rendered":"<p>Dise\u00f1o<\/p>\n<p>El lavavajillas Whirlpool WLV14SY tiene un atractivo dise\u00f1o que combina est\u00e9tica, tecnolog\u00eda y funcionalidad. Su interior es de acero inoxidable y cuenta con cestos ajustables para una mejor organizaci\u00f3n. Adem\u00e1s, tiene un moderno panel de control con indicadores LED que muestra todas las etapas del ciclo y el tiempo restante de lavado brindando una mayor visibilidad y un mejor control del proceso. Su capacidad es de 14 cubiertos.Funciones<\/p>\n<p>Gracias a sus 8 programas diferentes para cada nivel de suciedad, es posible adaptarlo a cualquier necesidad. Entre ellos, se destacan: Diario 50\u00b0, Eco 50\u00b0, 6th Sense, Cristal, Prelavado e Intensivo 65\u00b0.Programas especiales<\/p>\n<p>El lavavajillas Whirlpool cuenta con la tecnolog\u00eda Power Clean Pro que detecta el nivel de suciedad y adapta la presi\u00f3n del agua seg\u00fan el nivel de suciedad. Potentes inyectores de agua en la parte trasera de la m\u00e1quina trabajan para ofrecer resultados de limpieza extraordinarios contra la suciedad m\u00e1s incrustada.<\/p>\n<p>____________________________<\/p>\n<p>ESPECIFICACIONES<\/p>\n<p>\u00bb Modelo: WLV14SY<br \/>\n\u00bb Cantidad de cubiertos: 14 Cubiertos<br \/>\n\u00bb Color: Acero Inoxidable<br \/>\n\u00bb Alto: 85 Cm<br \/>\n\u00bb Ancho: 60 Cm<br \/>\n\u00bb Profundidad: 60 Cm<br \/>\n\u00bb Peso: 49 Kg<br \/>\n\u00bb Cantidad de programas: 8<br \/>\n\u00bb Panel de control: S\u00ed<\/p>\n","protected":false},"excerpt":{"rendered":"<p>Dise\u00f1o El lavavajillas Whirlpool WLV14SY tiene un atractivo dise\u00f1o que combina est\u00e9tica, tecnolog\u00eda y funcionalidad. Su interior es de acero inoxidable y cuenta con cestos ajustables para una mejor organizaci\u00f3n. Adem\u00e1s, tiene un moderno panel de control con indicadores LED que muestra todas las etapas del ciclo y el tiempo restante de lavado brindando una &hellip;<\/p>\n<p class=\"read-more\"> <a class=\"\" href=\"https:\/\/mutualsoberania.com.ar\/proveeduria\/proveeduria\/hogar\/lavavajillas-whirlpool-14-cubiertos-inox-wlv14sy\/\"> <span class=\"screen-reader-text\">Lavavajillas Whirlpool 14 Cubiertos Inox (Wlv14sy)<\/span> Leer m\u00e1s &raquo;<\/a><\/p>\n","protected":false},"featured_media":39370,"template":"","meta":{"site-sidebar-layout":"default","site-content-layout":"default","ast-global-header-display":"","ast-main-header-display":"","ast-hfb-above-header-display":"","ast-hfb-below-header-display":"","ast-hfb-mobile-header-display":"","site-post-title":"","ast-breadcrumbs-content":"","ast-featured-img":"","footer-sml-layout":"","theme-transparent-header-meta":"","adv-header-id-meta":"","stick-header-meta":"","header-above-stick-meta":"","header-main-stick-meta":"","header-below-stick-meta":"","_joinchat":[]},"product_brand":[],"product_cat":[277],"product_tag":[],"class_list":{"0":"post-38914","1":"product","2":"type-product","3":"status-publish","4":"has-post-thumbnail","6":"product_cat-hogar","7":"product_shipping_class-grandes","8":"desktop-align-left","9":"tablet-align-left","10":"mobile-align-left","12":"first","13":"outofstock","14":"shipping-taxable","15":"purchasable","16":"product-type-simple"},"_links":{"self":[{"href":"https:\/\/mutualsoberania.com.ar\/proveeduria\/wp-json\/wp\/v2\/product\/38914","targetHints":{"allow":["GET"]}}],"collection":[{"href":"https:\/\/mutualsoberania.com.ar\/proveeduria\/wp-json\/wp\/v2\/product"}],"about":[{"href":"https:\/\/mutualsoberania.com.ar\/proveeduria\/wp-json\/wp\/v2\/types\/product"}],"wp:featuredmedia":[{"embeddable":true,"href":"https:\/\/mutualsoberania.com.ar\/proveeduria\/wp-json\/wp\/v2\/media\/39370"}],"wp:attachment":[{"href":"https:\/\/mutualsoberania.com.ar\/proveeduria\/wp-json\/wp\/v2\/media?parent=38914"}],"wp:term":[{"taxonomy":"product_brand","embeddable":true,"href":"https:\/\/mutualsoberania.com.ar\/proveeduria\/wp-json\/wp\/v2\/product_brand?post=38914"},{"taxonomy":"product_cat","embeddable":true,"href":"https:\/\/mutualsoberania.com.ar\/proveeduria\/wp-json\/wp\/v2\/product_cat?post=38914"},{"taxonomy":"product_tag","embeddable":true,"href":"https:\/\/mutualsoberania.com.ar\/proveeduria\/wp-json\/wp\/v2\/product_tag?post=38914"}],"curies":[{"name":"wp","href":"https:\/\/api.w.org\/{rel}","templated":true}]}}