{"id":38224,"date":"2024-12-06T14:28:10","date_gmt":"2024-12-06T17:28:10","guid":{"rendered":"https:\/\/mutualsoberania.com.ar\/proveeduria\/proveeduria\/sin categor\u00eda\/aceitera-de-vidrio-a-bomba-automatica-57913499\/"},"modified":"2026-01-14T12:28:22","modified_gmt":"2026-01-14T15:28:22","slug":"aceitera-de-vidrio-a-bomba-automatica-57913499","status":"publish","type":"product","link":"https:\/\/mutualsoberania.com.ar\/proveeduria\/proveeduria\/blanco-y-bazar\/bazar\/aceitera-de-vidrio-a-bomba-automatica-57913499\/","title":{"rendered":"Aceitera De Vidrio A Bomba Autom\u00e1tica (57913499)"},"content":{"rendered":"<p>La Aceitera de Vidrio a Bomba Autom\u00e1tica es un accesorio funcional para dosificar aceite con mayor precisi\u00f3n y limpieza. Su sistema de bomba manual integrada permite servir la cantidad justa con una simple presi\u00f3n, evitando derrames y exceso de producto.<\/p>\n<p>El recipiente de vidrio brinda mayor higiene y permite visualizar f\u00e1cilmente el nivel de contenido. Ideal para uso diario en cocina o mesa, tanto con aceite como con vinagre u otros l\u00edquidos ligeros.<\/p>\n","protected":false},"excerpt":{"rendered":"<p>La Aceitera de Vidrio a Bomba Autom\u00e1tica es un accesorio funcional para dosificar aceite con mayor precisi\u00f3n y limpieza. Su sistema de bomba manual integrada permite servir la cantidad justa con una simple presi\u00f3n, evitando derrames y exceso de producto. El recipiente de vidrio brinda mayor higiene y permite visualizar f\u00e1cilmente el nivel de contenido. &hellip;<\/p>\n<p class=\"read-more\"> <a class=\"\" href=\"https:\/\/mutualsoberania.com.ar\/proveeduria\/proveeduria\/blanco-y-bazar\/bazar\/aceitera-de-vidrio-a-bomba-automatica-57913499\/\"> <span class=\"screen-reader-text\">Aceitera De Vidrio A Bomba Autom\u00e1tica (57913499)<\/span> Leer m\u00e1s &raquo;<\/a><\/p>\n","protected":false},"featured_media":38437,"template":"","meta":{"site-sidebar-layout":"default","site-content-layout":"default","ast-global-header-display":"","ast-main-header-display":"","ast-hfb-above-header-display":"","ast-hfb-below-header-display":"","ast-hfb-mobile-header-display":"","site-post-title":"","ast-breadcrumbs-content":"","ast-featured-img":"","footer-sml-layout":"","theme-transparent-header-meta":"","adv-header-id-meta":"","stick-header-meta":"","header-above-stick-meta":"","header-main-stick-meta":"","header-below-stick-meta":"","_joinchat":[]},"product_brand":[],"product_cat":[42,281],"product_tag":[],"class_list":{"0":"post-38224","1":"product","2":"type-product","3":"status-publish","4":"has-post-thumbnail","6":"product_cat-bazar","7":"product_cat-bazar-2","8":"product_shipping_class-extra-pequenos","9":"desktop-align-left","10":"tablet-align-left","11":"mobile-align-left","13":"first","14":"instock","15":"shipping-taxable","16":"purchasable","17":"product-type-simple"},"_links":{"self":[{"href":"https:\/\/mutualsoberania.com.ar\/proveeduria\/wp-json\/wp\/v2\/product\/38224","targetHints":{"allow":["GET"]}}],"collection":[{"href":"https:\/\/mutualsoberania.com.ar\/proveeduria\/wp-json\/wp\/v2\/product"}],"about":[{"href":"https:\/\/mutualsoberania.com.ar\/proveeduria\/wp-json\/wp\/v2\/types\/product"}],"wp:featuredmedia":[{"embeddable":true,"href":"https:\/\/mutualsoberania.com.ar\/proveeduria\/wp-json\/wp\/v2\/media\/38437"}],"wp:attachment":[{"href":"https:\/\/mutualsoberania.com.ar\/proveeduria\/wp-json\/wp\/v2\/media?parent=38224"}],"wp:term":[{"taxonomy":"product_brand","embeddable":true,"href":"https:\/\/mutualsoberania.com.ar\/proveeduria\/wp-json\/wp\/v2\/product_brand?post=38224"},{"taxonomy":"product_cat","embeddable":true,"href":"https:\/\/mutualsoberania.com.ar\/proveeduria\/wp-json\/wp\/v2\/product_cat?post=38224"},{"taxonomy":"product_tag","embeddable":true,"href":"https:\/\/mutualsoberania.com.ar\/proveeduria\/wp-json\/wp\/v2\/product_tag?post=38224"}],"curies":[{"name":"wp","href":"https:\/\/api.w.org\/{rel}","templated":true}]}}