{"id":37385,"date":"2024-10-04T19:02:37","date_gmt":"2024-10-04T22:02:37","guid":{"rendered":"https:\/\/mutualsoberania.com.ar\/proveeduria\/proveeduria\/sin categor\u00eda\/celular-motorola-moto-g24-power-8128gb-ink-blue\/"},"modified":"2026-04-20T11:29:47","modified_gmt":"2026-04-20T14:29:47","slug":"celular-motorola-moto-g24-power-8128gb-ink-blue","status":"publish","type":"product","link":"https:\/\/mutualsoberania.com.ar\/proveeduria\/proveeduria\/celulares-y-smartphones-2\/celular-motorola-moto-g24-power-8128gb-ink-blue\/","title":{"rendered":"Celular Motorola Moto G24 Power 8+128gb Ink Blue"},"content":{"rendered":"<p>El moto g24 power tiene todo lo que busc\u00e1s en un tel\u00e9fono de primer nivel a un precio incre\u00edble. Fabricado con materiales de calidad, cuenta con una cubierta de la c\u00e1mara que proporciona una sensaci\u00f3n agradable al tacto. Su dise\u00f1o delgado incluye un lector de huella digital en el lateral del dispositivo para que puedas desbloquearlo al instante. La parte posterior presenta un sofisticado acabado negro mate que le da una apariencia \u00fanica.<\/p>\n","protected":false},"excerpt":{"rendered":"<p>El moto g24 power tiene todo lo que busc\u00e1s en un tel\u00e9fono de primer nivel a un precio incre\u00edble. Fabricado con materiales de calidad, cuenta con una cubierta de la c\u00e1mara que proporciona una sensaci\u00f3n agradable al tacto. Su dise\u00f1o delgado incluye un lector de huella digital en el lateral del dispositivo para que puedas &hellip;<\/p>\n<p class=\"read-more\"> <a class=\"\" href=\"https:\/\/mutualsoberania.com.ar\/proveeduria\/proveeduria\/celulares-y-smartphones-2\/celular-motorola-moto-g24-power-8128gb-ink-blue\/\"> <span class=\"screen-reader-text\">Celular Motorola Moto G24 Power 8+128gb Ink Blue<\/span> Leer m\u00e1s &raquo;<\/a><\/p>\n","protected":false},"featured_media":37879,"template":"","meta":{"site-sidebar-layout":"default","site-content-layout":"default","ast-global-header-display":"","ast-main-header-display":"","ast-hfb-above-header-display":"","ast-hfb-below-header-display":"","ast-hfb-mobile-header-display":"","site-post-title":"","ast-breadcrumbs-content":"","ast-featured-img":"","footer-sml-layout":"","theme-transparent-header-meta":"","adv-header-id-meta":"","stick-header-meta":"","header-above-stick-meta":"","header-main-stick-meta":"","header-below-stick-meta":"","_joinchat":[]},"product_brand":[],"product_cat":[283],"product_tag":[],"class_list":{"0":"post-37385","1":"product","2":"type-product","3":"status-publish","4":"has-post-thumbnail","6":"product_cat-celulares-y-smartphones-2","7":"product_shipping_class-extra-pequenos","8":"desktop-align-left","9":"tablet-align-left","10":"mobile-align-left","12":"first","13":"outofstock","14":"shipping-taxable","15":"purchasable","16":"product-type-simple"},"_links":{"self":[{"href":"https:\/\/mutualsoberania.com.ar\/proveeduria\/wp-json\/wp\/v2\/product\/37385","targetHints":{"allow":["GET"]}}],"collection":[{"href":"https:\/\/mutualsoberania.com.ar\/proveeduria\/wp-json\/wp\/v2\/product"}],"about":[{"href":"https:\/\/mutualsoberania.com.ar\/proveeduria\/wp-json\/wp\/v2\/types\/product"}],"wp:featuredmedia":[{"embeddable":true,"href":"https:\/\/mutualsoberania.com.ar\/proveeduria\/wp-json\/wp\/v2\/media\/37879"}],"wp:attachment":[{"href":"https:\/\/mutualsoberania.com.ar\/proveeduria\/wp-json\/wp\/v2\/media?parent=37385"}],"wp:term":[{"taxonomy":"product_brand","embeddable":true,"href":"https:\/\/mutualsoberania.com.ar\/proveeduria\/wp-json\/wp\/v2\/product_brand?post=37385"},{"taxonomy":"product_cat","embeddable":true,"href":"https:\/\/mutualsoberania.com.ar\/proveeduria\/wp-json\/wp\/v2\/product_cat?post=37385"},{"taxonomy":"product_tag","embeddable":true,"href":"https:\/\/mutualsoberania.com.ar\/proveeduria\/wp-json\/wp\/v2\/product_tag?post=37385"}],"curies":[{"name":"wp","href":"https:\/\/api.w.org\/{rel}","templated":true}]}}