{"id":37369,"date":"2024-10-04T19:02:35","date_gmt":"2024-10-04T22:02:35","guid":{"rendered":"https:\/\/mutualsoberania.com.ar\/proveeduria\/proveeduria\/sin categor\u00eda\/bicicleta-raleigh-700c-classic-dama-nexus-3v-blanco\/"},"modified":"2026-01-14T12:28:31","modified_gmt":"2026-01-14T15:28:31","slug":"bicicleta-raleigh-700c-classic-dama-nexus-3v-blanco","status":"publish","type":"product","link":"https:\/\/mutualsoberania.com.ar\/proveeduria\/proveeduria\/bicicletas\/bicicleta-raleigh-700c-classic-dama-nexus-3v-blanco\/","title":{"rendered":"Bicicleta Raleigh 700c Classic Dama Nexus 3v Blanco **"},"content":{"rendered":"<p>**ACLARACI\u00d3N SOBRE LA ENTREGA DEL PRODUCTO<br \/>\nLas bicicletas se encuentran PRE armadas.<br \/>\nPor ello, el plazo de disponibilidad ser\u00e1 de aproximadamente 5 d\u00edas h\u00e1biles para las entregas en Rosario y ciudades lim\u00edtrofes ya que se entregar\u00e1n armadas.<br \/>\n  En el resto de las entregas, fuera del \u00e1rea mencionada, La Mutual dar\u00e1 el beneficio de un reintegro del gasto de armado de hasta $12.500 con la presentaci\u00f3n de la factura de la Bicicleter\u00eda. Para acceder, el socio se deber\u00e1 contactar con personal de nuestro servicio postventa, La M\u00e9dica +.<\/p>\n","protected":false},"excerpt":{"rendered":"<p>**ACLARACI\u00d3N SOBRE LA ENTREGA DEL PRODUCTO Las bicicletas se encuentran PRE armadas. Por ello, el plazo de disponibilidad ser\u00e1 de aproximadamente 5 d\u00edas h\u00e1biles para las entregas en Rosario y ciudades lim\u00edtrofes ya que se entregar\u00e1n armadas. En el resto de las entregas, fuera del \u00e1rea mencionada, La Mutual dar\u00e1 el beneficio de un reintegro &hellip;<\/p>\n<p class=\"read-more\"> <a class=\"\" href=\"https:\/\/mutualsoberania.com.ar\/proveeduria\/proveeduria\/bicicletas\/bicicleta-raleigh-700c-classic-dama-nexus-3v-blanco\/\"> <span class=\"screen-reader-text\">Bicicleta Raleigh 700c Classic Dama Nexus 3v Blanco **<\/span> Leer m\u00e1s &raquo;<\/a><\/p>\n","protected":false},"featured_media":37864,"template":"","meta":{"site-sidebar-layout":"default","site-content-layout":"default","ast-global-header-display":"","ast-main-header-display":"","ast-hfb-above-header-display":"","ast-hfb-below-header-display":"","ast-hfb-mobile-header-display":"","site-post-title":"","ast-breadcrumbs-content":"","ast-featured-img":"","footer-sml-layout":"","theme-transparent-header-meta":"","adv-header-id-meta":"","stick-header-meta":"","header-above-stick-meta":"","header-main-stick-meta":"","header-below-stick-meta":"","_joinchat":[]},"product_brand":[],"product_cat":[265],"product_tag":[],"class_list":{"0":"post-37369","1":"product","2":"type-product","3":"status-publish","4":"has-post-thumbnail","6":"product_cat-bicicletas","7":"product_shipping_class-pequenos","8":"desktop-align-left","9":"tablet-align-left","10":"mobile-align-left","12":"first","13":"outofstock","14":"shipping-taxable","15":"purchasable","16":"product-type-simple"},"_links":{"self":[{"href":"https:\/\/mutualsoberania.com.ar\/proveeduria\/wp-json\/wp\/v2\/product\/37369","targetHints":{"allow":["GET"]}}],"collection":[{"href":"https:\/\/mutualsoberania.com.ar\/proveeduria\/wp-json\/wp\/v2\/product"}],"about":[{"href":"https:\/\/mutualsoberania.com.ar\/proveeduria\/wp-json\/wp\/v2\/types\/product"}],"wp:featuredmedia":[{"embeddable":true,"href":"https:\/\/mutualsoberania.com.ar\/proveeduria\/wp-json\/wp\/v2\/media\/37864"}],"wp:attachment":[{"href":"https:\/\/mutualsoberania.com.ar\/proveeduria\/wp-json\/wp\/v2\/media?parent=37369"}],"wp:term":[{"taxonomy":"product_brand","embeddable":true,"href":"https:\/\/mutualsoberania.com.ar\/proveeduria\/wp-json\/wp\/v2\/product_brand?post=37369"},{"taxonomy":"product_cat","embeddable":true,"href":"https:\/\/mutualsoberania.com.ar\/proveeduria\/wp-json\/wp\/v2\/product_cat?post=37369"},{"taxonomy":"product_tag","embeddable":true,"href":"https:\/\/mutualsoberania.com.ar\/proveeduria\/wp-json\/wp\/v2\/product_tag?post=37369"}],"curies":[{"name":"wp","href":"https:\/\/api.w.org\/{rel}","templated":true}]}}